x be 1*(0 + 1/o). Calculate c(x).
-11
Let a(v) be the second derivative of -v**3/6 - 4*v**2 + 21*v. Determine a(-13).
5
Let m(t) = 34*t + 13. Let j(z) = 42*z + 15. Let n(x) = -4*j(x) + 5*m(x). Let l be (10/6)/((-2)/6). Calculate n(l).
-5
Let y = 3 + 1. Let u(b) = 3*b**2 - 2*b + 3. Let n(f) = f**3 + 8*f**2 - 5*f + 6. Let t(m) = -n(m) + 4*u(m). Determine t(y).
-6
Let g = -869 - -869. Let r(q) = -q**3 + q**2 + 20. Calculate r(g).
20
Let n(q) = -q**2 + 5*q - 6. Suppose 7 = -i - 5*h + 1, 3*i - 33 = 2*h. Suppose -2*s - 28 = -i*s. What is n(s)?
-2
Suppose 4*z + 3*m - 22 = -4, -4*m + 11 = z. Let q(g) = -z*g + 114 - 213 + 103. Calculate q(3).
-5
Suppose -21 = -2*v - 3*l, 21 - 58 = -4*v - 5*l. Let c(s) = -2*s**2 - 2*s - 3. What is c(v)?
-27
Let m = 135 + -140. Let f be (2/(-2))/((-8)/16). Let q(p) = -7*p - p**f - 6 + 0*p**2 + 0. Determine q(m).
4
Let k(f) = 1717*f - 1718*f + 8 - 2 + 17. Determine k(13).
10
Let u(h) = -6*h**3 - 4*h**2 + 3*h + 16. Let x(b) = 7*b**3 + 4*b**2 - 3*b - 18. Let w(z) = -6*u(z) - 5*x(z). Give w(-5).
-16
Let d(y) = 8*y + 22. Let a(i) = -5*i - 11. Let p(z) = 5*a(z) + 3*d(z). Calculate p(-6).
17
Let l(p) = -2*p**2 - 8*p**2 - 4*p**3 - 5*p**2 - 14 - 10*p - 2*p**3. Let f(k) = -k**3 - 3*k**2 - 2*k - 3. Let j(n) = -11*f(n) + 2*l(n). Determine j(4).
-3
Let c(o) = 28*o + 5. Let i(b) = -13*b - 2. Let s(k) = 6*c(k) + 13*i(k). Determine s(-1).
5
Let v(n) = n**2 - 8 + n - 4*n - 4*n + n. Let s(c) = -103*c - 1. Let p be s(1). Let i be p/(-18) + 2/9. Give v(i).
-8
Let p be (-5)/((-120)/294) + 1/(-4). Let y(o) = -p*o + 16*o - 9*o. Determine y(-1).
5
Let l(u) = -3*u**3 - 6*u**2 + 2*u. Let d(g) be the third derivative of -g**6/30 - 7*g**5/60 + g**4/8 - 16*g**2. Let r(z) = 2*d(z) - 3*l(z). Determine r(-4).
0
Let k(z) = -8 + 3*z**2 + z**2 + 5*z + z**2 - 2 - 6*z**2. Give k(4).
-6
Let q(f) = f + 11. Let l be q(-8). Let u(r) = 9 + 1 - r**l + 922*r**2 - 923*r**2. Calculate u(0).
10
Let a be (8/(-5))/(4/(-10)). Let q(r) = -2 + r**3 + 7 + r**2 + 3*r - a*r. Suppose 2*b + 4*g = -3*b + 8, 2 = 2*b + g. What is q(b)?
5
Let y(z) = z**3 - 3*z**2 + 7*z + 3. Let v = -43 + 45. Let p(m) = -3*m**3 + 7*m**2 - 14*m - 5. Let o(n) = v*p(n) + 5*y(n). What is o(-4)?
25
Let b(g) be the third derivative of 0 + 0*g - 7*g**2 - 1/6*g**3 - 1/12*g**4. Determine b(-7).
13
Let g(m) = m + 18. Let f be -4 + (1/(-2) - 63/18). Give g(f).
10
Let p(t) be the second derivative of t**4/12 + t**3/6 + 5*t**2/2 - t. Suppose 2*a + 3*a = 0. Determine p(a).
5
Let f(d) = 2*d**2 - d - 1. Let t = 12 + -14. Let x = t + 10. Suppose -12 = -2*z - x. What is f(z)?
5
Let z(t) = -t**3 - t**2 + t - 5. Suppose 24 = -5*c + 8*c. Suppose 2*h - c = h. Suppose 2*d + 2*x + 4 = 4*x, 3*d = -4*x + h. Determine z(d).
-5
Let l(n) = n**2 - 2*n + 2. Let m = -47 - -82. Let c be -1 + -2 + 4 + (-1 - -3). Suppose 3*b - 4*a = -3 + m, c*a = -4*b + 1. Give l(b).
10
Let r(j) = j. Let f be r(1). Suppose -5*g - b - 7 = 0, -3*g = -5*b - 8 + f. Let x(u) = -7*u**3 + 1. Determine x(g).
8
Let d(w) = -3*w - 8. Let t be 7/((8 + -2)/(-6)). Calculate d(t).
13
Let s be (10/(-3))/(10/(-45)). Let l(a) = -501*a - 2*a**2 - 9*a**3 - 1 + 499*a + 9*a**3 - s*a**3. Give l(-1).
14
Let v(p) = -5*p**2 - 35*p - 55. Let s(m) = -3*m**2 - 23*m - 36. Let h(r) = -8*s(r) + 5*v(r). Determine h(10).
3
Let c(x) = -x**3 + 21*x**2 + x - 17. Let i be c(21). Let t(l) = -4*l**2 + 7*l**2 + 2 - l - l**3 - i - 3*l**3. Give t(2).
-24
Suppose -29*k = -27*k + 4. Let q(y) = y**2 + 2*y - 2. Determine q(k).
-2
Let u(i) = -i**2 + 2*i - 3. Let l be (-9)/(-18)*(-34)/(-1). Let m = 20 - l. What is u(m)?
-6
Let i(w) = 51*w**2 - 3*w - 30*w**2 - 11*w**2 - 9*w**2. Suppose 18 = -4*p + o + 2*o, -3*o = 3*p + 3. Give i(p).
18
Let c(o) = -o + 5. Suppose n = f - 13, 0*f + 2*n - 14 = -3*f. Determine c(f).
-3
Let n(r) = r + 1. Let h be n(0). Let g(f) be the third derivative of -f**4/24 + f**3/6 - 51*f**2. Determine g(h).
0
Let t(x) = -110252 + 110241 + x + 5*x**2 - x**3 + 3*x. Determine t(5).
9
Suppose -10 = 4*s - 34. Let v(x) = 0*x + 2 + 0 - s*x + 7*x. Determine v(2).
4
Let f = 463 + -459. Let k(j) = 2*j**2 - 10*j + 6. Give k(f).
-2
Suppose -27 = -5*a - 3*w, -2*w - w = -12. Suppose -4*f - a*c + 21 = 0, 0*c + 5*c = 4*f + 3. Let m(u) = 2 + 5*u - u**2 + f - 3. Calculate m(5).
2
Let y(c) = c**3 - 7*c**2 + 4*c + 4. Let h(v) = -14*v**2 - 182*v + 6. Let x be h(-13). Determine y(x).
-8
Let m(y) be the second derivative of y**4/2 - y**2 - 9*y. What is m(-2)?
22
Let a(l) = 35*l + 100. Let g be a(-3). Let k(t) = 1 - 2*t**2 + 3*t**2 - 210*t + 214*t. Give k(g).
6
Let c(x) = x + 6. Let t = 570 + -578. What is c(t)?
-2
Let s(k) = 0*k**3 - 183*k**2 - k**3 + 6*k - 15 + 180*k**2 + 12. What is s(-5)?
17
Let f(x) be the third derivative of x**4/12 + 5*x**3/3 + 190*x**2. Let h be (-2)/(-2) - (11 + -3). What is f(h)?
-4
Suppose -10 + 1 = -3*x. Let p(y) = 3 - 4*y + x*y + 2*y. Determine p(-4).
-1
Suppose -13 = -u + 2*u - 4*q, -u = -5*q + 15. Let n(p) = -p**3 - 4*p**2 + 4*p - 4. Determine n(u).
1
Let h(a) = -3*a**3 - 65*a**2 + 20*a - 38. Let t be h(-22). Let k(i) = 8 - 6 + 5 - i**2 + 5*i. Determine k(t).
1
Let x(i) = -i**3 - 6*i**2 + i + 8. Suppose -2*j + 10 = 4*c, 0*c + 5*j - 12 = 3*c. Suppose 2*t - c - 39 = 0. Suppose 3*d + t - 2 = 0. Determine x(d).
2
Let v(w) = w**2 + 8*w - 3. Let t be (10/(-4))/(23/92). Let j be (t/3 - -1)*(-6)/(-2). Give v(j).
-10
Let z(m) = -m**3 - 3*m**2 - 10*m + 2. Let u be z(0). Let r(x) = -8*x**2 - x + 2. What is r(u)?
-32
Suppose -22 = r + 5. Let s(o) = 14*o + 91. Let d be s(-5). Let i = r + d. Let n(j) = j**3 + 7*j**2 + 8*j + 6. What is n(i)?
-6
Let c(r) = -r - 3. Suppose 29*q - 54 = 20*q. Give c(q).
-9
Let t(u) = -u**2 + 8*u - 5. Suppose -1 = 4*g - 29. Suppose 0 = l - 0 - g. Calculate t(l).
2
Suppose 4*r - 19 = -f + 11, -5*r + 34 = 3*f. Let t(m) = -r*m + 7*m + 2*m - 2*m - 1. What is t(-6)?
5
Suppose 15*r - r = -98. Let v(u) = u**3 + 7*u**2 - 4*u - 6. Calculate v(r).
22
Let u(k) = -4*k - 17 + 3*k + 2*k + 2. Calculate u(17).
2
Let u(x) be the third derivative of -x**5/10 - x**4/24 + 39*x**2 - x. Determine u(1).
-7
Let h(u) = 3*u**2 - 31*u + 26. Let i be h(9). Let c(k) = -1 - 10*k + 9*k**2 - 3 + k**3 - 1 - 1. Calculate c(i).
-6
Let s(b) = b**2 + 5*b. Let g be ((-3)/(-1))/((-12)/(-8)). Suppose -5*f - 12 = -g*f. Let x be 17/f + 5/20. Determine s(x).
-4
Let y(g) = 4*g. Suppose 208*z = 220*z - 72. What is y(z)?
24
Let x(q) = -2*q + 6. Let l be ((-15)/(-4))/((-5)/20). Let i(k) = -k**2 - 13*k + 36. Let m be i(l). Give x(m).
-6
Let n(t) = -8*t**3 - 5*t**2 - 7*t + 6. Let f(j) = 8*j**3 + 4*j**2 + 6*j - 5. Let k(y) = -7*f(y) - 6*n(y). What is k(1)?
-7
Let w(p) = 3*p - 1. Suppose -5*d + g = -60, -2*d - 48 = -6*d - 3*g. Suppose 0 = 4*a + d. What is w(a)?
-10
Let r = -49 - -49. Suppose 3*k - 10 = -4*u - r*u, 0 = 4*k - 3*u - 30. Let c(w) = w**3 - 5*w**2 - 4*w - 8. What is c(k)?
4
Suppose -24 = 5*m + 11. Suppose 0 = -4*l + 2*g - 40, -3*g = -5*l - g - 51. Let t = l - m. Let x(r) = -r + 1. Calculate x(t).
5
Let h = -24 + 31. Suppose -4*b + h*b = 6. Let s(t) = 3*t**3 + 4*t**2 + 2*t + 1. Let z(i) = 4*i**3 + 3*i**2 + 2*i. Let q(g) = b*z(g) - 3*s(g). What is q(-6)?
9
Let a(d) be the third derivative of d**7/1680 + d**6/360 - d**5/20 - 6*d**2. Let y(h) be the third derivative of a(h). Determine y(-4).
-10
Let z(i) be the second derivative of -i**8/6720 - i**7/2520 - i**6/720 + i**5/120 - 31*i**4/12 + 33*i. Let f(t) be the third derivative of z(t). Determine f(0).
1
Let i(f) be the second derivative of 3*f**3/2 - f**2/2 - f - 195. Suppose 2*z + 2*z = 8. Suppose -y - z*y + 5*c = -13, 9 = 5*y - 2*c. Calculate i(y).
8
Let u(q) = -3*q + 7. Let a = -204 + 213. Calculate u(a).
-20
Suppose -5 = 2*b + 3. Let q(x) be the third derivative of x**5/120 + 5*x**3/2 - 20*x**2. Let i(s) be the first derivative of q(s). Give i(b).
-4
Suppose -5*f + 5*p - 9 + 4 = 0, 4*f - 8 = p. Let b(h) = 13*h**2 - 6*h - 6*h**2 + 1 - 6*h**2 + f. Give b(5).
-1
Let d(l) = -l**2 + 7*l + 3. Suppose -10*r - 4*n + 18 = -8*r, -2*r + 4*n + 18 = 0. Determine d(r).
-15
Let c be (-1)/(4/584*2/1). Let p = -69 - c. Let q(i) = -i**3 + 4*i**2 + 1. Calculate q(p).
1
Let x be -8 + 5 + (-6 - -2). Suppose 0 = -5*a - 4*y, -5*y = 2*a - 3*a + 29. Let i = x + a. Let q(c) = -c**3 - 3*c**2 - 1. What is q(i)?
-1
Let b(w) = -2*w. Let m(g) = -g**3 + 3*g**2 - 3*g + 2.